{"id":450,"date":"2024-05-16T15:46:00","date_gmt":"2024-05-16T13:46:00","guid":{"rendered":"https:\/\/coteverdonlocation.com\/?page_id=450"},"modified":"2026-03-18T16:10:05","modified_gmt":"2026-03-18T16:10:05","slug":"contact","status":"publish","type":"page","link":"https:\/\/coteverdonlocation.ovh\/?page_id=450","title":{"rendered":"CONTACT"},"content":{"rendered":"<h1 class=\"has-text-align-center wp-block-site-title has-large-font-size\"><a href=\"https:\/\/coteverdonlocation.ovh\" target=\"_self\" rel=\"home\">c\u00f4t\u00e9 verdon location<\/a><\/h1>\n\n\n<div class=\"wp-block-jetpack-contact-info alignwide has-background\" style=\"background-color:#a1cbbc00\">\n<div class=\"wp-block-jetpack-email\"><a href=\"mailto:cote.verdon@gmail.com\">cote.verdon@gmail.com<\/a><\/div>\n\n\n\n<div class=\"wp-block-jetpack-phone\"><a href=\"tel:+330673338994\">+33 06 73 33 89 94<\/a><\/div>\n\n\n\n<div class=\"wp-block-jetpack-address\"><a href=\"https:\/\/www.google.com\/maps\/search\/327+CHEMIN DES PERIERS ,+QUINSON,+04500+France\" target=\"_blank\" rel=\"noopener noreferrer\" title=\"Ouvrir l\u2019adresse dans Google Maps\"><div class=\"jetpack-address__address jetpack-address__address1\">327 CHEMIN DES PERIERS <\/div><div><span class=\"jetpack-address__city\">QUINSON<\/span>, <span class=\"jetpack-address__region\"><\/span> <span class=\"jetpack-address__postal\">04500<\/span><\/div><div class=\"jetpack-address__country\">France<\/div><\/a><\/div>\n<\/div>\n\n\n\n<ul class=\"wp-block-social-links is-layout-flex wp-container-core-social-links-is-layout-b6740ca4 wp-block-social-links-is-layout-flex\" style=\"margin-top:0;margin-right:0;margin-bottom:0;margin-left:0\"><\/ul>\n\n\n\n<div data-map-provider=\"mapbox\" data-api-key=\"\" class=\"wp-block-jetpack-map\" data-map-style=\"default\" data-map-details=\"true\" data-points=\"[{&quot;placeTitle&quot;:&quot;3 Chemin des P\u00e9riers, 04500 Quinson, France&quot;,&quot;title&quot;:&quot;327 Chemin des P\u00e9riers, 04500 Quinson, France&quot;,&quot;caption&quot;:&quot; 327 Chemin des P\u00e9riers, 04500 Quinson, France&quot;,&quot;coordinates&quot;:{&quot;longitude&quot;:6.0380071,&quot;latitude&quot;:43.7017466},&quot;id&quot;:&quot;3 Chemin des P\u00e9riers, 04500 Quinson, France 43.70 6.04&quot;}]\" data-zoom=\"15.264520207630168\" data-map-center=\"{&quot;lat&quot;:43.70172660208164,&quot;lng&quot;:6.038007099999987}\" data-marker-color=\"red\" data-map-height=\"400\" data-show-fullscreen-button=\"true\"><ul><li><a href=\"https:\/\/www.google.com\/maps\/search\/?api=1&amp;query=43.7017466,6.0380071\">327 Chemin des P\u00e9riers, 04500 Quinson, France<\/a><\/li><\/ul><\/div>\n\n\n\n<p><\/p>\n","protected":false},"excerpt":{"rendered":"","protected":false},"author":2,"featured_media":0,"parent":0,"menu_order":0,"comment_status":"closed","ping_status":"closed","template":"","meta":{"footnotes":""},"class_list":["post-450","page","type-page","status-publish","hentry"],"jetpack_sharing_enabled":true,"_links":{"self":[{"href":"https:\/\/coteverdonlocation.ovh\/index.php?rest_route=\/wp\/v2\/pages\/450","targetHints":{"allow":["GET"]}}],"collection":[{"href":"https:\/\/coteverdonlocation.ovh\/index.php?rest_route=\/wp\/v2\/pages"}],"about":[{"href":"https:\/\/coteverdonlocation.ovh\/index.php?rest_route=\/wp\/v2\/types\/page"}],"author":[{"embeddable":true,"href":"https:\/\/coteverdonlocation.ovh\/index.php?rest_route=\/wp\/v2\/users\/2"}],"replies":[{"embeddable":true,"href":"https:\/\/coteverdonlocation.ovh\/index.php?rest_route=%2Fwp%2Fv2%2Fcomments&post=450"}],"version-history":[{"count":3,"href":"https:\/\/coteverdonlocation.ovh\/index.php?rest_route=\/wp\/v2\/pages\/450\/revisions"}],"predecessor-version":[{"id":940,"href":"https:\/\/coteverdonlocation.ovh\/index.php?rest_route=\/wp\/v2\/pages\/450\/revisions\/940"}],"wp:attachment":[{"href":"https:\/\/coteverdonlocation.ovh\/index.php?rest_route=%2Fwp%2Fv2%2Fmedia&parent=450"}],"curies":[{"name":"wp","href":"https:\/\/api.w.org\/{rel}","templated":true}]}}